{"id":212,"date":"2023-08-30T11:11:17","date_gmt":"2023-08-30T14:11:17","guid":{"rendered":"https:\/\/donavivimodas.com.br\/?post_type=product&#038;p=212"},"modified":"2023-12-01T15:14:28","modified_gmt":"2023-12-01T18:14:28","slug":"vestido-ana","status":"publish","type":"product","link":"https:\/\/donavivimodas.com.br\/index.php\/produto\/vestido-ana\/","title":{"rendered":"Vestido Ana"},"content":{"rendered":"<ul>\n<li>Tecido Ribana<\/li>\n<li>Sem Bojo<\/li>\n<li>Tamanho \u00danico ( Veste do 36 ao 42 )<\/li>\n<li>N\u00e3o possui forro<\/li>\n<\/ul>\n","protected":false},"excerpt":{"rendered":"<p>Tecido Ribana Sem Bojo Tamanho \u00danico ( Veste do 36 ao 42 ) N\u00e3o possui forro<\/p>\n","protected":false},"featured_media":213,"comment_status":"open","ping_status":"closed","template":"","meta":[],"product_cat":[17],"product_tag":[],"yoast_head":"<!-- This site is optimized with the Yoast SEO plugin v21.2 - https:\/\/yoast.com\/wordpress\/plugins\/seo\/ -->\n<title>Vestido Ana - Dona Vivi Modas<\/title>\n<meta name=\"description\" content=\"Tecido Ribana Sem Bojo Tamanho \u00danico ( Veste do 36 ao 42 )N\u00e3o possui forro Visite nossa loja f\u00edsica Av. Sua\u00e7una 227 ou nos chame no WhatsApp (19)97155 6202.\" \/>\n<meta name=\"robots\" content=\"index, follow, max-snippet:-1, max-image-preview:large, max-video-preview:-1\" \/>\n<link rel=\"canonical\" href=\"https:\/\/donavivimodas.com.br\/index.php\/produto\/vestido-ana\/\" \/>\n<meta property=\"og:locale\" content=\"en_US\" \/>\n<meta property=\"og:type\" content=\"article\" \/>\n<meta property=\"og:title\" content=\"Vestido Ana - Dona Vivi Modas\" \/>\n<meta property=\"og:description\" content=\"Tecido Ribana Sem Bojo Tamanho \u00danico ( Veste do 36 ao 42 )N\u00e3o possui forro Visite nossa loja f\u00edsica Av. Sua\u00e7una 227 ou nos chame no WhatsApp (19)97155 6202.\" \/>\n<meta property=\"og:url\" content=\"https:\/\/donavivimodas.com.br\/index.php\/produto\/vestido-ana\/\" \/>\n<meta property=\"og:site_name\" content=\"Dona Vivi Modas\" \/>\n<meta property=\"article:modified_time\" content=\"2023-12-01T18:14:28+00:00\" \/>\n<meta property=\"og:image\" content=\"https:\/\/donavivimodas.com.br\/wp-content\/uploads\/2023\/08\/VESTIDO-ANA-1.jpg\" \/>\n\t<meta property=\"og:image:width\" content=\"1242\" \/>\n\t<meta property=\"og:image:height\" content=\"1224\" \/>\n\t<meta property=\"og:image:type\" content=\"image\/jpeg\" \/>\n<meta name=\"twitter:card\" content=\"summary_large_image\" \/>\n<meta name=\"twitter:label1\" content=\"Est. reading time\" \/>\n\t<meta name=\"twitter:data1\" content=\"1 minute\" \/>\n<script type=\"application\/ld+json\" class=\"yoast-schema-graph\">{\"@context\":\"https:\/\/schema.org\",\"@graph\":[{\"@type\":\"WebPage\",\"@id\":\"https:\/\/donavivimodas.com.br\/index.php\/produto\/vestido-ana\/\",\"url\":\"https:\/\/donavivimodas.com.br\/index.php\/produto\/vestido-ana\/\",\"name\":\"Vestido Ana - Dona Vivi Modas\",\"isPartOf\":{\"@id\":\"https:\/\/donavivimodas.com.br\/#website\"},\"datePublished\":\"2023-08-30T14:11:17+00:00\",\"dateModified\":\"2023-12-01T18:14:28+00:00\",\"description\":\"Tecido Ribana Sem Bojo Tamanho \u00danico ( Veste do 36 ao 42 )N\u00e3o possui forro Visite nossa loja f\u00edsica Av. Sua\u00e7una 227 ou nos chame no WhatsApp (19)97155 6202.\",\"breadcrumb\":{\"@id\":\"https:\/\/donavivimodas.com.br\/index.php\/produto\/vestido-ana\/#breadcrumb\"},\"inLanguage\":\"en-US\",\"potentialAction\":[{\"@type\":\"ReadAction\",\"target\":[\"https:\/\/donavivimodas.com.br\/index.php\/produto\/vestido-ana\/\"]}]},{\"@type\":\"BreadcrumbList\",\"@id\":\"https:\/\/donavivimodas.com.br\/index.php\/produto\/vestido-ana\/#breadcrumb\",\"itemListElement\":[{\"@type\":\"ListItem\",\"position\":1,\"name\":\"In\u00edcio\",\"item\":\"https:\/\/donavivimodas.com.br\/\"},{\"@type\":\"ListItem\",\"position\":2,\"name\":\"Loja\",\"item\":\"https:\/\/donavivimodas.com.br\/index.php\/loja\/\"},{\"@type\":\"ListItem\",\"position\":3,\"name\":\"Vestido Ana\"}]},{\"@type\":\"WebSite\",\"@id\":\"https:\/\/donavivimodas.com.br\/#website\",\"url\":\"https:\/\/donavivimodas.com.br\/\",\"name\":\"Dona Vivi Modas\",\"description\":\"A Dona Vivi Modas \u00e9 especialista em produtos do varejo de moda. A gente se destaca na venda de roupas femininas e Plus Size\",\"publisher\":{\"@id\":\"https:\/\/donavivimodas.com.br\/#organization\"},\"potentialAction\":[{\"@type\":\"SearchAction\",\"target\":{\"@type\":\"EntryPoint\",\"urlTemplate\":\"https:\/\/donavivimodas.com.br\/?s={search_term_string}\"},\"query-input\":\"required name=search_term_string\"}],\"inLanguage\":\"en-US\"},{\"@type\":\"Organization\",\"@id\":\"https:\/\/donavivimodas.com.br\/#organization\",\"name\":\"Dona Vivi Modas\",\"url\":\"https:\/\/donavivimodas.com.br\/\",\"logo\":{\"@type\":\"ImageObject\",\"inLanguage\":\"en-US\",\"@id\":\"https:\/\/donavivimodas.com.br\/#\/schema\/logo\/image\/\",\"url\":\"https:\/\/donavivimodas.com.br\/wp-content\/uploads\/2023\/06\/dona-vivi.jpeg\",\"contentUrl\":\"https:\/\/donavivimodas.com.br\/wp-content\/uploads\/2023\/06\/dona-vivi.jpeg\",\"width\":860,\"height\":411,\"caption\":\"Dona Vivi Modas \"},\"image\":{\"@id\":\"https:\/\/donavivimodas.com.br\/#\/schema\/logo\/image\/\"}}]}<\/script>\n<!-- \/ Yoast SEO plugin. -->","yoast_head_json":{"title":"Vestido Ana - Dona Vivi Modas","description":"Tecido Ribana Sem Bojo Tamanho \u00danico ( Veste do 36 ao 42 )N\u00e3o possui forro Visite nossa loja f\u00edsica Av. Sua\u00e7una 227 ou nos chame no WhatsApp (19)97155 6202.","robots":{"index":"index","follow":"follow","max-snippet":"max-snippet:-1","max-image-preview":"max-image-preview:large","max-video-preview":"max-video-preview:-1"},"canonical":"https:\/\/donavivimodas.com.br\/index.php\/produto\/vestido-ana\/","og_locale":"en_US","og_type":"article","og_title":"Vestido Ana - Dona Vivi Modas","og_description":"Tecido Ribana Sem Bojo Tamanho \u00danico ( Veste do 36 ao 42 )N\u00e3o possui forro Visite nossa loja f\u00edsica Av. Sua\u00e7una 227 ou nos chame no WhatsApp (19)97155 6202.","og_url":"https:\/\/donavivimodas.com.br\/index.php\/produto\/vestido-ana\/","og_site_name":"Dona Vivi Modas","article_modified_time":"2023-12-01T18:14:28+00:00","og_image":[{"width":1242,"height":1224,"url":"https:\/\/donavivimodas.com.br\/wp-content\/uploads\/2023\/08\/VESTIDO-ANA-1.jpg","type":"image\/jpeg"}],"twitter_card":"summary_large_image","twitter_misc":{"Est. reading time":"1 minute"},"schema":{"@context":"https:\/\/schema.org","@graph":[{"@type":"WebPage","@id":"https:\/\/donavivimodas.com.br\/index.php\/produto\/vestido-ana\/","url":"https:\/\/donavivimodas.com.br\/index.php\/produto\/vestido-ana\/","name":"Vestido Ana - Dona Vivi Modas","isPartOf":{"@id":"https:\/\/donavivimodas.com.br\/#website"},"datePublished":"2023-08-30T14:11:17+00:00","dateModified":"2023-12-01T18:14:28+00:00","description":"Tecido Ribana Sem Bojo Tamanho \u00danico ( Veste do 36 ao 42 )N\u00e3o possui forro Visite nossa loja f\u00edsica Av. Sua\u00e7una 227 ou nos chame no WhatsApp (19)97155 6202.","breadcrumb":{"@id":"https:\/\/donavivimodas.com.br\/index.php\/produto\/vestido-ana\/#breadcrumb"},"inLanguage":"en-US","potentialAction":[{"@type":"ReadAction","target":["https:\/\/donavivimodas.com.br\/index.php\/produto\/vestido-ana\/"]}]},{"@type":"BreadcrumbList","@id":"https:\/\/donavivimodas.com.br\/index.php\/produto\/vestido-ana\/#breadcrumb","itemListElement":[{"@type":"ListItem","position":1,"name":"In\u00edcio","item":"https:\/\/donavivimodas.com.br\/"},{"@type":"ListItem","position":2,"name":"Loja","item":"https:\/\/donavivimodas.com.br\/index.php\/loja\/"},{"@type":"ListItem","position":3,"name":"Vestido Ana"}]},{"@type":"WebSite","@id":"https:\/\/donavivimodas.com.br\/#website","url":"https:\/\/donavivimodas.com.br\/","name":"Dona Vivi Modas","description":"A Dona Vivi Modas \u00e9 especialista em produtos do varejo de moda. A gente se destaca na venda de roupas femininas e Plus Size","publisher":{"@id":"https:\/\/donavivimodas.com.br\/#organization"},"potentialAction":[{"@type":"SearchAction","target":{"@type":"EntryPoint","urlTemplate":"https:\/\/donavivimodas.com.br\/?s={search_term_string}"},"query-input":"required name=search_term_string"}],"inLanguage":"en-US"},{"@type":"Organization","@id":"https:\/\/donavivimodas.com.br\/#organization","name":"Dona Vivi Modas","url":"https:\/\/donavivimodas.com.br\/","logo":{"@type":"ImageObject","inLanguage":"en-US","@id":"https:\/\/donavivimodas.com.br\/#\/schema\/logo\/image\/","url":"https:\/\/donavivimodas.com.br\/wp-content\/uploads\/2023\/06\/dona-vivi.jpeg","contentUrl":"https:\/\/donavivimodas.com.br\/wp-content\/uploads\/2023\/06\/dona-vivi.jpeg","width":860,"height":411,"caption":"Dona Vivi Modas "},"image":{"@id":"https:\/\/donavivimodas.com.br\/#\/schema\/logo\/image\/"}}]}},"_links":{"self":[{"href":"https:\/\/donavivimodas.com.br\/index.php\/wp-json\/wp\/v2\/product\/212"}],"collection":[{"href":"https:\/\/donavivimodas.com.br\/index.php\/wp-json\/wp\/v2\/product"}],"about":[{"href":"https:\/\/donavivimodas.com.br\/index.php\/wp-json\/wp\/v2\/types\/product"}],"replies":[{"embeddable":true,"href":"https:\/\/donavivimodas.com.br\/index.php\/wp-json\/wp\/v2\/comments?post=212"}],"version-history":[{"count":1,"href":"https:\/\/donavivimodas.com.br\/index.php\/wp-json\/wp\/v2\/product\/212\/revisions"}],"predecessor-version":[{"id":218,"href":"https:\/\/donavivimodas.com.br\/index.php\/wp-json\/wp\/v2\/product\/212\/revisions\/218"}],"wp:featuredmedia":[{"embeddable":true,"href":"https:\/\/donavivimodas.com.br\/index.php\/wp-json\/wp\/v2\/media\/213"}],"wp:attachment":[{"href":"https:\/\/donavivimodas.com.br\/index.php\/wp-json\/wp\/v2\/media?parent=212"}],"wp:term":[{"taxonomy":"product_cat","embeddable":true,"href":"https:\/\/donavivimodas.com.br\/index.php\/wp-json\/wp\/v2\/product_cat?post=212"},{"taxonomy":"product_tag","embeddable":true,"href":"https:\/\/donavivimodas.com.br\/index.php\/wp-json\/wp\/v2\/product_tag?post=212"}],"curies":[{"name":"wp","href":"https:\/\/api.w.org\/{rel}","templated":true}]}}